er when 200737 is divided by 40127.
102
What is the remainder when 60687809 is divided by 3537?
3500
Calculate the remainder when 2392386 is divided by 5487.
54
What is the remainder when 411395 is divided by 205637?
121
Calculate the remainder when 136294684 is divided by 89.
84
Calculate the remainder when 19964062 is divided by 48.
46
Calculate the remainder when 133043 is divided by 1899.
113
Calculate the remainder when 3925202 is divided by 73.
65
What is the remainder when 11439556 is divided by 1767?
1765
What is the remainder when 15046 is divided by 97?
11
Calculate the remainder when 135880 is divided by 523.
423
Calculate the remainder when 13493 is divided by 13195.
298
What is the remainder when 2232307 is divided by 310?
307
What is the remainder when 347906 is divided by 5554?
3558
What is the remainder when 6174809 is divided by 414?
413
What is the remainder when 3441170 is divided by 276?
2
Calculate the remainder when 22737 is divided by 1192.
89
Calculate the remainder when 35425 is divided by 549.
289
What is the remainder when 94911 is divided by 23319?
1635
Calculate the remainder when 436606877 is divided by 431.
429
What is the remainder when 10027997 is divided by 5013983?
31
What is the remainder when 26548142 is divided by 28?
26
What is the remainder when 18831203 is divided by 18831200?
3
Calculate the remainder when 550426 is divided by 950.
376
What is the remainder when 21275 is divided by 18076?
3199
Calculate the remainder when 293533 is divided by 412.
189
What is the remainder when 63408 is divided by 879?
120
Calculate the remainder when 104843 is divided by 6928.
923
What is the remainder when 179713 is divided by 77?
72
What is the remainder when 1104619 is divided by 16243?
95
Calculate the remainder when 5951987 is divided by 237.
206
Calculate the remainder when 361139235 is divided by 81.
6
Calculate the remainder when 2542327 is divided by 25942.
11
What is the remainder when 234351 is divided by 6?
3
Calculate the remainder when 142989064 is divided by 55123.
2
Calculate the remainder when 4864711 is divided by 126.
103
What is the remainder when 48241709 is divided by 90?
89
What is the remainder when 18041859 is divided by 80544?
3
What is the remainder when 3120820 is divided by 7941?
7
Calculate the remainder when 74377296 is divided by 49784.
0
Calculate the remainder when 2178965 is divided by 31128.
5
What is the remainder when 278221 is divided by 3762?
3595
What is the remainder when 2356665 is divided by 26?
25
What is the remainder when 225075 is divided by 108505?
8065
What is the remainder when 24013 is divided by 254?
137
What is the remainder when 983593 is divided by 5232?
5209
Calculate the remainder when 416409 is divided by 207314.
1781
What is the remainder when 126131 is divided by 474?
47
Calculate the remainder when 203863722 is divided by 45.
42
Calculate the remainder when 8272340 is divided by 150.
140
Calculate the remainder when 20442 is divided by 9821.
800
What is the remainder when 35200109 is divided by 17129?
14
Calculate the remainder when 105889 is divided by 427.
420
Calculate the remainder when 17464618 is divided by 228.
46
Calculate the remainder when 95953 is divided by 73.
31
Calculate the remainder when 1246631 is divided by 311655.
11
Calculate the remainder when 160365 is divided by 217.
2
What is the remainder when 75564 is divided by 36422?
2720
What is the remainder when 22993 is divided by 62?
53
What is the remainder when 10605116 is divided by 20473?
102
Calculate the remainder when 3504191 is divided by 12789.
5
Calculate the remainder when 582003 is divided by 102.
93
What is the remainder when 661903 is divided by 44?
11
What is the remainder when 6775586 is divided by 19?
15
Calculate the remainder when 48793017 is divided by 134.
133
Calculate the remainder when 2166323 is divided by 114015.
38
Calculate the remainder when 219105 is divided by 6842.
161
Calculate the remainder when 11714 is divided by 11498.
216
What is the remainder when 76680 is divided by 19098?
288
Calculate the remainder when 444718 is divided by 88897.
233
What is the remainder when 9949289 is divided by 470?
329
Calculate the remainder when 4192249 is divided by 19963.
19
What is the remainder when 5029017 is divided by 64?
25
What is the remainder when 3186411 is divided by 198?
195
What is the remainder when 255899709 is divided by 4195077?
12
Calculate the remainder when 3577200 is divided by 1788594.
12
Calculate the remainder when 56847 is divided by 134.
31
Calculate the remainder when 12239 is divided by 2030.
59
Calculate the remainder when 3593673 is divided by 489.
12
Calculate the remainder when 5476825 is divided by 684602.
9
What is the remainder when 137151735 is divided by 102?
87
What is the remainder when 104167 is divided by 2170?
7
What is the remainder when 341609 is divided by 21344?
105
Calculate the remainder when 2014904 is divided by 671628.
20
What is the remainder when 340993 is divided by 10999?
24
What is the remainder when 6662021 is divided by 1762?
1661
What is the remainder when 502945044 is divided by 83824173?
6
Calculate the remainder when 1245523 is divided by 106.
23
What is the remainder when 4164600 is divided by 7397?
89
What is the remainder when 162460 is divided by 933?
118
Calculate the remainder when 5043 is divided by 376.
155
Calculate the remainder when 617823 is divided by 53.
2
What is the remainder when 66007477 is divided by 64?
53
Calculate the remainder when 232476 is divided by 617.
484
Calculate the remainder when 6772462 is divided by 752495.
7
What is the remainder when 495457 is divided by 716?
701
Calculate the remainder when 3425606 is divided by 55.
41
Calculate the remainder when 301380 is divided by 299.
287
Calculate the remainder when 641006 is divided by 160249.
10
What is the remainder when 830054 is divided by 2214?
2018
What is the remainder when 73682 is divided by 36537?
608
Calculate the remainder when 1406290 is divided by 468762.
4
What is the remainder when 42398104 is divided by 2306?
2294
What is the remainder when 3387729 is divided by 327?
9
Calculate the remainder when 610173 is divided by 15643.
96
Calculate the remainder when 377818 is divided by 1679.
43
Calculate the remainder when 1293412 is divided by 1293149.
263
What is the remainder when 888052 is divided by 295582?
1306
Calculate the remainder when 21733850 is divided by 1552415.
40
Calculate the remainder when 15083707 is divided by 258.
253
Calculate the remainder when 1796669 is divided by 361.
333
What is the remainder when 21718 is divided by 21291?
427
Calculate the remainder when 5729505 is divided by 1873.
1871
Calculate the remainder when 106523 is divided by 53182.
159
Calculate the remainder when 14256588 is divided by 5793.
15
Calculate the remainder when 18553 is divided by 11.
7
What is the remainder when 1371331 is divided by 3801?
2971
Calculate the remainder when 617141 is divided by 444.
425
Calculate the remainder when 3050568 is divided by 277323.
15
What is the remainder when 864509 is divided by 215?
209
Calculate the remainder when 773556 is divided by 4605.
4521
What is the remainder when 150344805 is divided by 110?
105
Calculate the remainder when 875916 is divided by 52.
28
What is the remainder when 353271 is divided by 978?
213
What is the remainder when 1539955 is divided by 120?
115
What is the remainder when 1301046 is divided by 624?
6
What is the remainder when 3574815 is divided by 11134?
801
What is the remainder when 19488862 is divided by 3897766?
32
What is the remainder when 86437357 is divided by 3514?
3499
Calculate the remainder when 8659 is divided by 1671.
304
Calculate the remainder when 474970 is divided by 8332.
46
Calculate the remainder when 3413090 is divided by 23866.
252
What is the remainder when 3977 is divided by 1148?
533
Calculate the remainder when 996581 is divided by 8209.
3292
Calculate the remainder when 126003276 is divided by 20714.
14
Calculate the remainder when 177243064 is divided by 1093.
1091
What is the remainder when 544075 is divided by 136016?
11
What is the remainder when 81307 is divided by 20174?
611
Calculate the remainder when 70498 is divided by